n base 16, what is 0 - 2d?
-2d
In base 9, what is 15 - -357?
373
In base 15, what is 3 + -2150?
-214c
In base 5, what is 4 - 4222?
-4213
In base 6, what is 1222 - -3?
1225
In base 4, what is -12 - 2102?
-2120
In base 12, what is -78a6 + 3?
-78a3
In base 12, what is 107b - -b?
108a
In base 7, what is 10515 + -1?
10514
In base 15, what is -218 + -1?
-219
In base 8, what is 0 + -213?
-213
In base 10, what is 1 - -147?
148
In base 7, what is 11 + -4425?
-4414
In base 14, what is -1 + -11?
-12
In base 2, what is 1001100 - 110001?
11011
In base 11, what is -7 - 651?
-658
In base 2, what is 11110 + -1000?
10110
In base 5, what is -1 + -41330?
-41331
In base 5, what is 0 + -200?
-200
In base 8, what is 24375 - -3?
24400
In base 6, what is -15 + -12?
-31
In base 2, what is 1000 - 10110101010?
-10110100010
In base 16, what is -2 - -159?
157
In base 9, what is -87 + 1?
-86
In base 3, what is -11 + -1202220?
-1210001
In base 11, what is -177 - -4?
-173
In base 10, what is -4 - -481?
477
In base 3, what is 2 - 1000021?
-1000012
In base 3, what is 12010 + 20?
12100
In base 6, what is 1055 - 51?
1004
In base 10, what is -5 + -12?
-17
In base 13, what is 4 - 20?
-19
In base 13, what is -100 + -1?
-101
In base 8, what is -72 - 3?
-75
In base 4, what is 1111 + 10?
1121
In base 4, what is -20 - 10?
-30
In base 9, what is 1 - -37?
38
In base 10, what is 288 + 7?
295
In base 10, what is -427 - 3?
-430
In base 14, what is 10 + -1a?
-a
In base 8, what is -102 - 2?
-104
In base 7, what is -11204 - -5?
-11166
In base 2, what is 10000010100 - -1010?
10000011110
In base 16, what is 2 - 5b1?
-5af
In base 7, what is -4 - 430?
-434
In base 16, what is 20 - -4?
24
In base 4, what is -1201230 - 10?
-1201300
In base 10, what is -7766 - -4?
-7762
In base 6, what is -1 + 51200?
51155
In base 11, what is 6 + -8?
-2
In base 7, what is -10 + -13?
-23
In base 3, what is -1101001 + 10?
-1100221
In base 11, what is 483 + 0?
483
In base 13, what is -20 + -53?
-73
In base 9, what is -60 - -3?
-56
In base 11, what is -11 + 36?
25
In base 2, what is -101101101000 + -11?
-101101101011
In base 15, what is 2 - -146?
148
In base 9, what is -53 - -5?
-47
In base 16, what is c0 + -3?
bd
In base 10, what is -3 - 241?
-244
In base 9, what is 4 + 502?
506
In base 8, what is -4 - -52?
46
In base 3, what is -2000 + -11?
-2011
In base 4, what is 233011 - -1?
233012
In base 11, what is -23 - 424?
-447
In base 9, what is 143 + -3?
140
In base 6, what is 100 + 130?
230
In base 9, what is -132 + -2?
-134
In base 13, what is -36 - -a7?
71
In base 3, what is 10 - 101022?
-101012
In base 7, what is -2 - 2463?
-2465
In base 12, what is 6 - -57?
61
In base 10, what is 0 + -90?
-90
In base 6, what is -2223 + -110?
-2333
In base 8, what is -62 - 161?
-243
In base 3, what is 1200202 + -10?
1200122
In base 12, what is -2666 + 5?
-2661
In base 10, what is -67 + -26?
-93
In base 5, what is -4 + -1131?
-1140
In base 16, what is 38c + 4?
390
In base 10, what is 4 - 98?
-94
In base 15, what is 195c + 2?
195e
In base 6, what is 5 + 41?
50
In base 13, what is -6b2c + 5?
-6b27
In base 2, what is 10010 + -10?
10000
In base 5, what is -11 + -1031?
-1042
In base 12, what is -24 + 107?
a3
In base 6, what is 153 - 205?
-12
In base 4, what is 12 + 130?
202
In base 2, what is -11011 + 1101?
-1110
In base 7, what is -4 - -60?
53
In base 10, what is -2 + -631?
-633
In base 8, what is -76 + 0?
-76
In base 14, what is 7b - 5?
76
In base 15, what is -8 + 71?
68
In base 16, what is b + -170?
-165
In base 5, what is 21 + 12?
33
In base 12, what is 5 + 11?
16
In base 12, what is -1 + 2b7?
2b6
In base 14, what is -445 + 6?
-43d
In base 2, what is -1110111 - 100?
-1111011
In base 6, what is -52 - -22?
-30
In base 2, what is 101 - 10001001?
-10000100
In base 2, what is -101 + 100000?
11011
In base 15, what is -6 + -4?
-a
In base 7, what is 25426 + -3?
25423
In base 10, what is -292 + -6?
-298
In base 10, what is -1 - -1713?
1712
In base 11, what is -4a4 - -1?
-4a3
In base 9, what is 236 - -2?
238
In base 13, what is 3 - -163?
166
In base 10, what is -21 - 7?
-28
In base 6, what is -13500 + 2?
-13454
In base 14, what is -d2 + -3?
-d5
In base 12, what is -9 - 344?
-351
In base 6, what is -4 - 341?
-345
In base 14, what is 16ac + -4?
16a8
In base 16, what is 5 + 2b4?
2b9
In base 4, what is -2202 - 2?
-2210
In base 12, what is -10 + -7?
-17
In base 6, what is -15 - 213?
-232
In base 5, what is -1 + 30033?
30032
In base 4, what is 11 - 131011?
-131000
In base 5, what is -1 + -2312?
-2313
In base 2, what is 1 + -11111110?
-11111101
In base 7, what is -4 + -40?
-44
In base 6, what is -35 - -24?
-11
In base 16, what is -3 - -133?
130
In base 3, what is -20111 + 2?
-20102
In base 10, what is 300 - -6?
306
In base 7, what is -1115 + 5?
-1110
In base 16, what is 97 - -10?
a7
In base 4, what is 23 - 333?
-310
In base 15, what is 12 - -2?
14
In base 4, what is 0 - 21?
-21
In base 13, what is a + 5a?
67
In base 5, what is 30 - 134?
-104
In base 13, what is -545 + -13?
-558
In base 11, what is 13 - 211?
-1a9
In base 11, what is -21 - 3?
-24
In base 6, what is 345 + -3?
342
In base 16, what is 21 - -f?
30
In base 8, what is -45 - 6?
-53
In base 6, what is -142 - -23?
-115
In base 5, what is -4014 - -202?
-3312
In base 6, what is 0 - -24433?
24433
In base 7, what is 3 - 224?
-221
In base 4, what is 130 - 1102?
-312
In base 8, what is -4 + 103?
77
In base 9, what is 25807 + -3?
25804
In base 13, what is 39 + -1?
38
In base 7, what is 1 - -3445?
3446
In base 8, what is -4 + 71?
65
In base 6, what is -35313 + 2?
-35311
In base 9, what is 2 - 13?
-11
In base 6, what is 54 - -14?
112
In base 7, what is -1 - -3151?
3150
In base 14, what is -9a + 5?
-95
In base 4, what is 3 - -1120?
1123
In base 9, what is -21 - -304?
273
In base 4, what is 2 - -131010?
131012
In base 13, what is -35 + 2?
-33
In base 13, what is a - 84?
-77
In base 16, what is 132b + 0?
132b
In base 15, what is -6 + -10?
-16
In base 7, what is -11 + -26?
-40
In base 4, what is -12 + 130?
112
In base 2, what is 100 + 101001001111?
101001010011
In base 13, what is 118 + -3?
115
In base 6, what is -1054 + 5?
-1045
In base 8, what is 2136 + 6?
2144
In base 11, what is 4 - 71?
-68
In base 8, what is 33 + -2?
31
In base 5, what is -102 + -321?
-423
In base 11, what is 1 + -11?
-10
In base 10, what is -883 - 7?
-890
In base 8, what is 0 + -166?
-166
In base 5, what is 0 - -2003?
2003
In base 12, what is 237 - 5?
232
In base 10, what is 293 - -5?
298
In base 11, what is -725 + -2?
-727
In base 3, what is 12121112 + -10?
12121102
In base 3, what is 12 - -1001010?
1001022
In base 11, what is 10 + 529?
539
In base 4, what is -123 - 10021?
-10210
In base 5, what is -22 - -22?
0
In base 15, what is -33 - 7?
-3a
In base 14, what is -12 - 42?
-54
In base 14, what is 6 - -7?
d
In base 3, what is -12021 - 0?
-12021
In base 12, what is 982 + -2?
980
In base 3, what is -2110 - -10010?
200
In base 3, what is -2021 - -1122?
-122
In base 14, what is -6 + 31c?
316
In base 9, what is 2 + 12531?
12533
In base 16, what is -3d + a?
-33
In base 15, what is 39 + -1?
38
In base 6, what is -541 - 21?
-1002
In base 8, what is 1667 - 4?
1663
In base 13, what is 1 - -11b?
11c
In base 16, what is 1 - -5d5?
5d6
In base 12, what is -4 - -95?
91
In base 10, what is 203 + -3?
200
In base 7, what is 1 + 606?
610
In base 10, what is 19 + -63?
-44
In base 16, what is 2 + -7c?
-7a
In base 13, what is 12 - -22?
34
In base 12, what is -6 + -66?
-70
In base 9, what is 4 - 102?
-87
In base 11, what is -5875 - 3?
-5878
In base 3, what is -10021 - -120?
-2201
In base 13, what is -2 + 8c1?
8bc
In base 7, what is -3 + 555?
552
In base 9, what is -2565 + 4?
-2561
In base 2, what is -100111011 + -1000?
-101000011
In base 10, what is 3 - -1519?
1522
In base 2, what is 100 - -11000001?
11000101
In base 3, what is -10 - 112?
-122
In base 3, what is 12 - -112?
201
In base 2, what is -111100111 + 1001?
-111011110
In base 4, what is 2201 - -30?
2231
In base 8, what is -1065 - 26?
-1113
In base 10, what is 225 - 1?
224
In base 5, what is 13 + 12?
30
In base 10, what is 23 + -37?
-14
In base 13, what is 64 + 1?
65
In base 6, what is -44 - 10?
-54
In base 13, what is 30 - 16b?
-13b
In base 6, what is -32543 - 5?
-32552
In base 16, what is 0 + -2be?
-